ue
Is 22 a factor of 180629306?
True
Is 737054256 a multiple of 2623?
False
Does 119 divide 1488452?
True
Is 216327037 a multiple of 5249?
True
Is 46300644 a multiple of 12?
True
Is 214 a factor of 17692022?
True
Is 1748 a factor of 31325780?
False
Does 646 divide 282690246?
True
Is 3807459 a multiple of 3695?
False
Does 404 divide 236473320?
True
Does 1202 divide 79970262?
True
Is 83346704 a multiple of 472?
True
Does 2052 divide 37589605?
False
Does 326 divide 44660794?
False
Is 608902756 a multiple of 2492?
True
Does 776 divide 1862808?
False
Is 1701 a factor of 482823747?
True
Does 16 divide 1712270348?
False
Is 74 a factor of 6341471?
False
Does 37 divide 399800170?
True
Is 47989601 a multiple of 979?
True
Is 549 a factor of 9449937?
True
Does 235 divide 27696003?
False
Is 17 a factor of 4757084884?
False
Is 175505625 a multiple of 125?
True
Does 222 divide 530757294?
False
Does 21 divide 305583201?
True
Does 183 divide 804768097?
False
Does 16 divide 4296201?
False
Is 100378650 a multiple of 103?
True
Is 370919808 a multiple of 84?
True
Is 1916 a factor of 86292808?
True
Is 77053680 a multiple of 3036?
True
Is 154 a factor of 885789?
False
Is 3050180892 a multiple of 10674?
True
Does 13 divide 349978524?
False
Does 18 divide 61831044?
True
Is 3073277668 a multiple of 152?
False
Is 57696030 a multiple of 98?
True
Is 24 a factor of 42392683?
False
Is 8 a factor of 1855727584?
True
Does 468 divide 14867892?
True
Is 314242752 a multiple of 376?
True
Is 20 a factor of 11129292?
False
Is 60662610 a multiple of 333?
True
Does 151 divide 17356180?
False
Is 62028720 a multiple of 846?
True
Does 2093 divide 613629671?
False
Is 16099453 a multiple of 3?
False
Does 2892 divide 111842316?
True
Is 1760519453 a multiple of 73?
False
Is 593988340 a multiple of 55?
True
Does 4647 divide 1000592040?
True
Is 302054218 a multiple of 11?
False
Is 471701128 a multiple of 39?
False
Is 174 a factor of 18061200?
True
Does 53 divide 74999823?
True
Does 1491 divide 115206588?
True
Is 5 a factor of 5984939?
False
Is 5 a factor of 130822838?
False
Does 484 divide 22123640?
True
Is 51 a factor of 481883054?
False
Is 4235636560 a multiple of 19?
True
Is 11244520 a multiple of 980?
True
Is 1345166060 a multiple of 70?
True
Is 4293634538 a multiple of 3946?
False
Is 3140 a factor of 1551794280?
True
Is 63 a factor of 17351536?
False
Is 399 a factor of 167348276?
False
Does 690 divide 97017450?
True
Is 64023128 a multiple of 11?
False
Is 60 a factor of 10086806?
False
Is 2075 a factor of 77876825?
True
Is 85226210 a multiple of 10?
True
Does 237 divide 7821974?
False
Does 12 divide 2386057?
False
Is 177 a factor of 1359360?
True
Is 7936005 a multiple of 77?
True
Is 88226301 a multiple of 257?
True
Is 100682354 a multiple of 3?
False
Does 543 divide 625526227?
False
Is 1432 a factor of 170904157?
False
Does 977 divide 66181003?
True
Is 4150411 a multiple of 6?
False
Does 78 divide 393888165?
False
Is 17 a factor of 713343444?
False
Is 26 a factor of 414464854?
False
Does 55 divide 153477005?
True
Does 900 divide 157851041?
False
Does 4056 divide 535765152?
True
Is 52141190 a multiple of 26?
False
Is 380433798 a multiple of 341?
False
Is 327980 a multiple of 300?
False
Is 229 a factor of 308552385?
False
Is 38121072 a multiple of 93?
True
Is 210857583 a multiple of 33?
False
Does 175 divide 1929438175?
True
Is 4 a factor of 212386916?
True
Is 1465 a factor of 288218240?
True
Is 9306568 a multiple of 8?
True
Is 17885937 a multiple of 2564?
False
Does 2160 divide 13760292?
False
Is 68 a factor of 48755252?
True
Is 49 a factor of 498064959?
True
Is 22761515 a multiple of 35?
True
Is 46520772 a multiple of 1828?
True
Is 103714527 a multiple of 1421?
True
Is 3 a factor of 45706563?
True
Does 10 divide 983174675?
False
Does 10 divide 61100260?
True
Is 3 a factor of 198345521?
False
Does 49 divide 41256139?
False
Is 358 a factor of 123630678?
False
Is 972340046 a multiple of 67?
True
Is 575 a factor of 1499609860?
False
Is 4332408 a multiple of 24?
True
Is 64422360 a multiple of 42?
False
Is 249877293 a multiple of 283?
False
Is 305 a factor of 976645075?
True
Is 443 a factor of 1955425036?
True
Does 49 divide 151174481?
False
Is 256 a factor of 2623446324?
False
Is 2454 a factor of 630096402?
True
Does 81 divide 6067367?
False
Does 16 divide 44028272?
True
Is 178 a factor of 67528928?
True
Is 646 a factor of 587520855?
False
Does 12 divide 8147051100?
True
Is 18 a factor of 26247225?
False
Is 3770314600 a multiple of 650?
True
Is 394335632 a multiple of 578?
False
Does 9 divide 1102034115?
True
Is 1082443956 a multiple of 2391?
True
Is 64 a factor of 8755776?
True
Does 1241 divide 13037946?
True
Is 18573240 a multiple of 12?
True
Is 3490 a factor of 294146987?
False
Does 754 divide 11594734?
False
Is 525697 a multiple of 40?
False
Does 35 divide 41859545?
True
Does 187 divide 80629870?
False
Is 6 a factor of 1032631238?
False
Is 7 a factor of 49964138?
True
Is 193578294 a multiple of 7?
True
Is 194995296 a multiple of 108?
True
Does 42 divide 5347227?
False
Is 458722104 a multiple of 984?
True
Is 32021640 a multiple of 20?
True
Is 546812721 a multiple of 21?
True
Is 6 a factor of 22240476?
True
Is 37617608 a multiple of 68?
False
Is 353983841 a multiple of 1785?
False
Is 11530 a factor of 3696955896?
False
Does 346 divide 7897450?
True
Is 23 a factor of 24757936?
True
Does 85 divide 127813820?
True
Is 829 a factor of 441260120?
True
Is 20477376 a multiple of 576?
True
Does 2 divide 63707663?
False
Is 113 a factor of 259815363?
True
Is 552 a factor of 1760256240?
True
Is 776730729 a multiple of 2621?
True
Does 129 divide 1698809643?
True
Does 67 divide 72627169?
False
Is 514 a factor of 345667056?
True
Does 13 divide 48140638?
True
Is 9 a factor of 112676317?
False
Does 111 divide 6876940?
False
Is 101380510 a multiple of 770?
True
Is 438955426 a multiple of 9919?
True
Is 28 a factor of 147919675?
False
Is 172768196 a multiple of 4692?
False
Does 149 divide 1593480706?
False
Is 10 a factor of 280996866?
False
Does 37 divide 30665304?
True
Is 63064070 a multiple of 13?
False
Is 1167 a factor of 2207361058?
False
Does 627 divide 29339628?
False
Does 121 divide 13601163?
False
Is 1557 a factor of 999119497?
False
Is 50247857 a multiple of 54?
False
Is 210996072 a multiple of 18?
True
Is 74 a factor of 2601584205?
False
Does 74 divide 22654311?
False
Does 15 divide 610670055?
True
Is 12071232 a multiple of 32?
True
Does 72 divide 1057620522?
False
Does 16 divide 33672960?
True
Is 4554 a factor of 200195737?
False
Is 158545852 a multiple of 1927?
True
Is 3819152 a multiple of 249?
False
Does 2163 divide 9363627?
True
Does 43 divide 2442612?
False
Is 60 a factor of 504724800?
True
Does 55 divide 47957580?
True
Is 1007214 a multiple of 26?
True
Does 218 divide 2489417210?
True
Is 4977179 a multiple of 91?
False
Is 268129941 a multiple of 209?
False
Does 34 divide 57875684?
True
Does 29 divide 194603195?
True
Is 42324362 a multiple of 366?
False
Is 127006460 a multiple of 322?
True
Is 93629633 a multiple of 416?
False
Is 4 a factor of 21914310?
False
Does 3130 divide 5419725376?
False
Does 320 divide 861421260?
False
Is 27 a factor of 12834393?
False
Is 509482110 a multiple of 402?
False
Is 67565786 a multiple of 138?
False
Is 33277400 a multiple of 200?
True
Is 52 a factor of 417601972?
False
Does 3 divide 1288320?
True
Does 6 divide 814767?
False
Does 6177 divide 707327502?
False
Does 909 divide 185597802?
True
Is 209528353 a multiple of 40?
False
Is 82 a factor of 991606972?
False
Does 36 divide 51101496?
True
Is 398073361 a multiple of 1055?
False
Is 167659764 a multiple of 2243?
True
Does 247 divide 26941484?
False
Does 142 divide 20837429?
False
Is 36880214 a multiple of 167?
False
Is 2655 a factor of 560929815?
True
Does 10 divide 48273331?
False
Does 7 divide 23764762?
True
Does 898 divide 7269310?
True
Is 313113067 a multiple of 5107?
False
Is 493 a factor of 1432385371?
True
Does 28 divide 339404101?
False
Is 75157713 a multiple of 3537?
True
Is 20563200 a multiple of 700?
True
Is 3171820683 a multiple of 5916?
False
Does 8 divide 4901530?
False
Does 847 divide 101418933?
True
Does 588 divide 28839587?
False
Does 26 divide 1249598599?
False
Is 43 a factor of 837222470?
Tru